INSERT INTO "moshi_moshi"."Status" VALUES
(1, 'Answered'),
(2, 'Unanswered'),
(3, 'Unsuccessful');

INSERT INTO "moshi_moshi"."Role" VALUES
(1, 'Admin'),
(2, 'Operator');

INSERT INTO "moshi_moshi"."Permission" VALUES
(1, 'Read'),
(2, 'Modification'),
(3, 'Creation'),
(4, 'Delete');


INSERT INTO "moshi_moshi"."RolePermission" VALUES
(1, 1),
(1, 2),
(1, 3),
(1, 4),
(2, 1),
(2, 2);

INSERT INTO "moshi_moshi"."ExternPerson" VALUES
(1, 'Hugo', 'Mercier', '0683748393'),
(2, 'Jean', 'Dupont', '0614258796');

INSERT INTO "moshi_moshi"."User" VALUES
(1, 'Clement', 'AZIBEIRO', 'c.azibeiro', 'password', 1, NULL, false),
(2, 'Test', 'Man', 't.man', 'password', 2, 1, false),
(3, 'Mathis', 'EDON', 'm.edon', 'password', 2, 1, false),
(4, 'Admin', 'Admin', 'admin', 'P@ssword',1, NULL, false);

INSERT INTO "moshi_moshi"."Call"("idExternPerson", "idStatus", "idUser", "date", "duration", "direction")  VALUES
(1, 1, 1, NOW(), 120, 'In'),
(1, 2, 1, '2019-04-01', 150, 'In'),
(1, 3, 1, '1999-07-13', 100, 'Out'),
(1, 1, 1, '2019-01-01', 130, 'Out'),
(2, 3, 3, '2019-05-01', 200, 'In'),
(2, 2, 3, '2019-05-01', 60, 'In'),
(2, 3, 3, '2019-05-01', 280, 'In'),
(2, 2, 3, '2019-05-01', 120, 'In'),
(2,3, 1, '2019-05-01', 195, 'In'),
(2,1, 2, '2019-05-01', 123, 'Out'),
(2,1, 2, '2019-05-01', 158, 'Out'),
(2, 1, 2, '2019-05-01', 68, 'Out'),
(2,1, 1, '2019-05-01', 125, 'Out'),
(2,1, 1, '2019-05-01', 100, 'Out'),
(2,1, 1, '2019-05-01', 200, 'Out'),
(2, 3, 3, '2019-05-01', 200, 'In'),
(2, 2, 3, '2019-05-01', 60, 'In'),
(2, 3, 3, '2019-05-01', 280, 'In'),
(2, 2, 3, '2019-05-01', 120, 'In'),
(2,3, 1, '2019-05-01', 195, 'In'),
(2,1, 2, '2019-05-01', 123, 'Out'),
(2,1, 2, '2019-05-01', 158, 'Out'),
(2, 1, 2, '2019-05-01', 68, 'Out'),
(2,1, 1, '2019-05-01', 125, 'Out'),
(2,1, 1, '2019-05-01', 100, 'Out'),
(2,1, 1, '2019-05-01', 200, 'Out'),
(2, 3, 3, '2019-05-01', 200, 'In'),
(2, 2, 3, '2019-05-01', 60, 'In'),
(2, 3, 3, '2019-05-01', 280, 'In'),
(2, 2, 3, '2019-05-01', 120, 'In'),
(2,3, 1, '2019-05-01', 195, 'In'),
(2,1, 2, '2019-05-01', 123, 'Out'),
(2,1, 2, '2019-05-01', 158, 'Out'),
(2, 1, 2, '2019-05-01', 68, 'Out'),
(2,1, 1, '2019-05-01', 125, 'Out'),
(2,1, 1, '2019-05-01', 100, 'Out'),
(2,1, 1, '2019-05-01', 200, 'Out'),
(2, 3, 3, '2019-05-01', 200, 'In'),
(2, 2, 3, '2019-05-01', 60, 'In'),
(2, 3, 3, '2019-05-01', 280, 'In'),
(2, 2, 3, '2019-05-01', 120, 'In'),
(2,3, 1, '2019-05-01', 195, 'In'),
(2,1, 2, '2019-05-01', 123, 'Out'),
(2,1, 2, '2019-05-01', 158, 'Out'),
(2, 1, 2, '2019-05-01', 68, 'Out'),
(2,1, 1, '2019-05-01', 125, 'Out'),
(2,1, 1, '2019-05-01', 100, 'Out'),
(2,1, 1, '2019-05-01', 200, 'Out');